
Let z(t) = 5 - 4 - 5*t + 2*t + 2*t. What is the remainder when z(-8) is divided by 3?
0
Suppose -3*b - 4*t = -29, 3*b - 4*t = 4 - 15. Suppose -h - b*h + 84 = 0. Let j = 264 - 224. What is the remainder when j is divided by h?
19
Suppose -2*p = 4*r - 2, -p + 6 = p + 3*r. Calculate the remainder when 23 is divided by p - -5 - (1 - -1).
11
Let b = -6 - -15. Calculate the remainder when 17 is divided by b.
8
Let u(c) = c + 18. Calculate the remainder when 17 is divided by u(-11).
3
Suppose 2*w - 3 = -3*g, g + 1 + 11 = -5*w. Calculate the remainder when 10 is divided by g.
1
Let f(i) = -7*i + 4. What is the remainder when f(-9) is divided by 23?
21
Let u = -7 - -12. Calculate the remainder when 8 is divided by u.
3
Suppose 4*h = -40 - 8. Let c = 21 + h. What is the remainder when 26 is divided by c - (-1 + 2 + -1)?
8
Let k be (8/4)/((-2)/(-7)). Suppose -k = -c - 0. What is the remainder when 19 is divided by c?
5
Suppose r = -3*r - 3*u + 1, 4*r + 2*u + 2 = 0. Let d be r/(-3) - (-4)/(-6). Let q = d + 2. What is the remainder when 4 is divided by q?
0
Let n = -17 - -20. Suppose -n*w - 23 = -83. Calculate the remainder when w is divided by 11.
9
Let s(b) = -b + 19. Let l be s(8). Let g = l - 3. Calculate the remainder when 22 is divided by g.
6
Suppose -5*b + 3*d + 14 = -41, 4*d = b - 11. Suppose 3*q - 58 = 4*r + 36, 0 = q - 2*r - 32. Calculate the remainder when q is divided by b.
8
Suppose -2*l + 34 = 6. Calculate the remainder when l is divided by 6.
2
Suppose -7*n + 5*c - 16 = -3*n, -3*n - 4*c + 19 = 0. Let v = 3 - n. Calculate the remainder when 34 is divided by (v + 0)/((-6)/(-54)).
16
Let d(v) = 2*v**2 + 6*v - 12. What is the remainder when d(-6) is divided by 9?
6
What is the remainder when 163 is divided by 98/3 - 11/(-33)?
31
Suppose 2*r = 5*d - 474, -5*r = -d + 137 - 33. Calculate the remainder when d is divided by ((-24)/(-5))/((-8)/(-40)).
22
Let m be 2 - (-2 - (-2 - -1)). Let g = -61 + 91. Calculate the remainder when g is divided by (22/3)/(2/m).
8
Suppose 4 = l + 2*p - 3, -5*p = -l + 35. Calculate the remainder when 59 is divided by l.
14
Suppose -5*h + 20 = -20. Let x = h + -4. Suppose -i + 12 = 4*s, s - x*i + 6 = 26. Calculate the remainder when 6 is divided by s.
2
Suppose -2*s + 1 = -3. Suppose -s*i + 0*i + 38 = 0. Calculate the remainder when i is divided by 5.
4
Suppose 0 = -4*q + 7*l - 3*l + 20, -q + 13 = -5*l. Suppose -u + 3 = -5. Calculate the remainder when u is divided by q.
2
Suppose 2*f = 3*f - 3, -4*a = -4*f + 8. What is the remainder when 3 is divided by a?
0
Let i = -5 - -8. Suppose b = -i*b + 36. Calculate the remainder when 26 is divided by b.
8
Suppose 0 = -3*y + 6, -3*y = 2*b - 169 + 43. What is the remainder when b is divided by 9?
6
Let c(n) = -n**2 - 9*n + 5. Suppose 5*u - 84 = 2*t - 3*t, 2*u = -t + 33. What is the remainder when u is divided by c(-9)?
2
Suppose i - 247 = -i - z, -4*i + 3*z + 489 = 0. Calculate the remainder when i is divided by 31.
30
Suppose 3*o - 5*n - 12 + 5 = 0, 3*o + 4*n = 43. What is the remainder when 43 is divided by o?
7
Let n = -38 - -16. Let r = 41 + n. Calculate the remainder when 35 is divided by r.
16
Let c = 2 - -1. Suppose c*v = 2*v + 6. Calculate the remainder when 15 is divided by v.
3
Let h(t) = 2*t**2 + 6*t. Let b be h(-5). Suppose 5*q = b + 35. Calculate the remainder when 32 is divided by q.
10
Let s(l) = l**2 - 5*l - 5. Let u be s(8). Let i = u - 7. Let h = -1 + 36. What is the remainder when h is divided by i?
11
Suppose 2*h - 4*m + 8 = 0, h - 6*m + 2*m + 10 = 0. Calculate the remainder when 15 is divided by -6*h/(-4) - -1.
3
Suppose 0 = -2*r - 3*r + t + 17, 0 = 2*r + 3*t - 17. Let o = 0 - -4. Calculate the remainder when o is divided by r/(-1 + 2) - 2.
0
Let f = -24 + 40. Suppose 9*n = v + 13*n - 42, -45 = -v - 5*n. What is the remainder when v is divided by f?
14
Let o(m) = m**3 - 5*m**2 + m + 1. Let s = 22 - 5. Let x = s + 5. What is the remainder when x is divided by o(5)?
4
Suppose 1 + 5 = 2*k. Suppose k*c + q = 16, 3*q - 11 = -3*c + 7*q. What is the remainder when 19 is divided by c?
4
Let d be (-6)/(-9)*9/2. Suppose d*u - 29 = 22. Calculate the remainder when -6*((-20)/6 + -2) is divided by u.
15
Suppose -3*o + o = 0. Suppose o*b - 5*b = -155. What is the remainder when b is divided by 8?
7
Let t(m) = -2*m**3 - 19*m**2 - 3*m + 1. Let z(q) = -3*q**3 - 28*q**2 - 5*q + 1. Let f(g) = 7*t(g) - 5*z(g). Calculate the remainder when 26 is divided by f(-6).
12
Calculate the remainder when 232 is divided by (-4)/14 + 415/(-7)*-1.
55
Suppose d + 1 = -1. Calculate the remainder when 93/4 - d/(-8) is divided by 13.
10
Let v(c) = 3*c**2 + c. Let u be (12/10)/(2/5). Suppose 3*z - 4*y + 3 = 6, -3*z + 24 = u*y. What is the remainder when z is divided by v(-1)?
1
Let r = 2 - 2. Suppose r*j + 3*j = -2*z + 55, 5*j = -2*z + 93. Calculate the remainder when 51 + 24/9*3/2 is divided by j.
17
Suppose -2*m + 426 = -5*m. Let w = m + 202. Calculate the remainder when w is divided by 21.
18
Let i = 63 + -48. Calculate the remainder when 23 is divided by i.
8
Let z = 92 - 79. Calculate the remainder when 23 is divided by z.
10
Let t(q) = -q**2 - 10*q - 9. Let a = -37 + 30. Calculate the remainder when t(a) is divided by (-3)/3 + (-16)/(-2).
5
Let d(p) = -5 - p**2 + 2 - 1 - 8*p. Suppose x + 4 = 0, -5 = -3*r + 4*x + x. What is the remainder when d(r) is divided by 5?
1
Let i(t) be the first derivative of t**4/4 - 8*t**3/3 + 7*t**2/2 - 2*t - 3. Let n be i(6). Let g = -16 - n. What is the remainder when 47 is divided by g?
15
Let z = -2 - -8. Let c = z - -7. Suppose 142 = 3*r + 31. What is the remainder when r is divided by c?
11
Let o(f) = -f**3 - 10*f**2 + 11*f + 27. What is the remainder when 132 is divided by o(-11)?
24
Let r = 21 + -18. Let o be 2/(-5) + 81/15. Suppose b = o*u - r*b - 51, -2*u + 10 = b. What is the remainder when 19 is divided by u?
5
Suppose 0 = 16*x - 15*x - 48. Calculate the remainder when x is divided by 13.
9
Let l(k) = -k**3 + 6*k**2 - 6*k + 11. Calculate the remainder when 8 is divided by l(5).
2
Suppose 0 - 28 = 4*y. Let k = 18 + y. What is the remainder when k is divided by 7?
4
Suppose -121 = -3*y - 28. What is the remainder when y is divided by 11/(2/(4 - 2))?
9
Suppose -g = -12 - 43. Calculate the remainder when g is divided by 14.
13
Let j(c) = c**2 - 6*c + 14. Let l be (6/9)/(2/(-6)). Calculate the remainder when 173/7 - l/7 is divided by j(5).
7
Suppose -3*y + 3*b + 6 = 0, 5 = 3*b + 2. Suppose y*t = -3 - 6. Calculate the remainder when 3 is divided by -4*t/6*1.
1
Suppose -25 = -5*a - o, -4*a = -3*a + 4*o + 14. What is the remainder when 15 is divided by a?
3
Suppose -p - 2*p = 66. Let o = 36 + p. Let d(i) = i - 7. Calculate the remainder when o is divided by d(11).
2
Let t = -3 - 16. Let n = t + 31. Calculate the remainder when 47 is divided by n.
11
Let t(j) = j**2 + 5*j - 6. Let y be t(3). Let u = 22 - y. What is the remainder when 11 is divided by u?
3
Let o = -66 + 83. What is the remainder when (-2)/(-9) - (-1290)/27 is divided by o?
14
Let g(y) = 4*y - 6*y + 13 + 2*y - y**2 - 6*y. Calculate the remainder when 23 is divided by g(-7).
5
What is the remainder when 68 + (-2)/(3/3) is divided by (-164)/(-10) + (-18)/(-30)?
15
Suppose -x = 4*j - 156, 5*j + 5*x - 140 = j. Let c = j + -18. What is the remainder when c is divided by 5?
2
Suppose 49 - 4 = 5*x. Let j be 14/10 - (-21)/35. Let v = 7 - j. Calculate the remainder when x is divided by v.
4
Suppose 3*o + 28 = 4. Let z = o - -22. Calculate the remainder when z is divided by 5.
4
What is the remainder when (1/(25/(-40)))/((-4)/130) is divided by 9?
7
Let i = 7 + 8. Calculate the remainder when i is divided by (-25)/(-20) + 155/20.
6
Suppose 4 = -o + 4*f, 8*o + 5*f - 5 = 3*o. Suppose o*z = -2*z, 5*j - 80 = 5*z. What is the remainder when j is divided by 6?
4
Let z(h) = -h**3 - 3*h**2 - h. Let o be z(-2). What is the remainder when (-1)/((1/(-41))/1) is divided by -3 - (o + 3)*-17?
13
Let i be 3/12 + (-14)/(-8). Suppose 0 = -i*z + 6*z. Suppose -6*k + 3*k + 54 = z. What is the remainder when 53 is divided by k?
17
Let j = -7 - -9. Suppose 91 = 3*w + 5*c, 3*c + j + 1 = 0. Calculate the remainder when w is divided by 17.
15
Suppose -8*o + 4*o = -44. Let n = 15 - o. What is the remainder when n is divided b